{"id":567,"date":"2016-01-26T20:24:04","date_gmt":"2016-01-26T20:24:04","guid":{"rendered":"http:\/\/contractworkplaces.com\/staging\/?page_id=567"},"modified":"2021-12-16T03:22:14","modified_gmt":"2021-12-16T03:22:14","slug":"envianos-tu-cv-hoja-de-vida","status":"publish","type":"page","link":"https:\/\/contractworkplaces.com\/web\/envianos-tu-cv-hoja-de-vida\/","title":{"rendered":"Trabaja con Nosotros"},"content":{"rendered":"<div id=\"pl-567\"  class=\"panel-layout\" ><div id=\"pg-567-0\"  class=\"panel-grid panel-no-style\" ><div id=\"pgc-567-0-0\"  class=\"panel-grid-cell\" ><div id=\"panel-567-0-0-0\" class=\"\" data-index=\"0\" ><\/div><\/div><\/div><div id=\"pg-567-1\"  class=\"panel-grid panel-has-style\" ><div id=\"cvText\" class=\"panel-row-style panel-row-style-for-567-1\" ><div id=\"pgc-567-1-0\"  class=\"panel-grid-cell panel-grid-cell-empty\" ><\/div><div id=\"pgc-567-1-1\"  class=\"panel-grid-cell panel-grid-cell-mobile-last\" ><div id=\"panel-567-1-1-0\" class=\"\" data-index=\"1\" ><div class=\"title-center panel-widget-style panel-widget-style-for-567-1-1-0\" ><div class=\"so-widget-gfxbucket-title so-widget-gfxbucket-title-title-style-d75171398898-567\"><h2 class=\"section-title\">Te  invitamos a formar parte de nuestro equipo, acerc\u00e1ndonos tus antecedentes, perfil e intereses<\/h2><\/div><\/div><\/div><div id=\"panel-567-1-1-1\" class=\"\" data-index=\"2\" ><div class=\"so-widget-gfxbucket-visual-editor so-widget-gfxbucket-visual-editor-style-d75171398898-567\"><blockquote class=\"style-2\" style=\"text-align: center; font-size:1.2em !important\">Nuestra gente hace a nuestra ventaja competitiva. Creemos en la incorporaci\u00f3n y desarrollo de personas que se destaquen por su calidad humana y profesional. Apostamos a colaboradores que se adapten a los cambios del negocio y del entorno, que trabajen en equipo, nos ayuden a nutrir nuestros valores y, a continuar creciendo en un excelente clima de trabajo.<\/blockquote><\/div><\/div><\/div><div id=\"pgc-567-1-2\"  class=\"panel-grid-cell panel-grid-cell-empty\" ><\/div><\/div><\/div><div id=\"pg-567-2\"  class=\"panel-grid panel-has-style\" ><div class=\"text-center panel-row-style panel-row-style-for-567-2\" ><div id=\"pgc-567-2-0\"  class=\"panel-grid-cell panel-grid-cell-empty\" ><\/div><div id=\"pgc-567-2-1\"  class=\"panel-grid-cell\" ><div id=\"panel-567-2-1-0\" class=\"\" data-index=\"3\" ><div class=\"btn-cv panel-widget-style panel-widget-style-for-567-2-1-0\" ><div class=\"so-widget-gfxbucket-button so-widget-gfxbucket-button-button-style-d75171398898-567\"><a href=\"https:\/\/www.halaxia.com\/empleos\/contract-workplaces\/#\/jobs\" target=\"_blank\" class=\"btn btn-md\">Conoce nuestras b\u00fasquedas laborales <br \/>activas y aplica tu CV\/hoja de vida.<\/a><\/div><\/div><\/div><\/div><div id=\"pgc-567-2-2\"  class=\"panel-grid-cell panel-grid-cell-mobile-last\" ><div id=\"panel-567-2-2-0\" class=\"\" data-index=\"4\" ><div class=\"btn-cv panel-widget-style panel-widget-style-for-567-2-2-0\" ><div class=\"so-widget-gfxbucket-button so-widget-gfxbucket-button-button-style-d75171398898-567\"><a href=\"https:\/\/www.halaxia.com\/registro\/contract-workplaces\" target=\"_blank\" class=\"btn btn-md\">\u00a1Forma parte de nuestro equipo!<br \/> Ingresa tu CV\/ hoja de vida aqu\u00ed<\/a><\/div><\/div><\/div><\/div><div id=\"pgc-567-2-3\"  class=\"panel-grid-cell panel-grid-cell-empty\" ><\/div><\/div><\/div><div id=\"pg-567-3\"  class=\"panel-grid panel-has-style\" ><div class=\"panel-row-style panel-row-style-for-567-3\" ><div id=\"pgc-567-3-0\"  class=\"panel-grid-cell\" ><div id=\"panel-567-3-0-0\" class=\"widget_text \" data-index=\"5\" ><div class=\"textwidget custom-html-widget\"><style>\n.btn-cv .btn.btn-lg, .btn-cv a {\n    display: flex;\n    flex-direction: column;\n    align-items: center;\n    justify-content: center;\n    width: 100%;\n    min-height: 90px;    \n    margin: 50px auto; \n    padding: 0;\n    font-size: initial !important; \n    color: white;\n    background: #e21737;\n    border: none;\n}\n@media (min-width:768px){\n.btn-cv .btn.btn-lg, .btn-cv a { \n\t\tfont-size: 16px !important; \n    max-width: 600px;\n} } \n@media (min-width:1024px){\n.btn-cv .btn.btn-lg, .btn-cv a { \n\t\tfont-size: 18px !important; \n    max-width: 600px;\n} \n} \n\t\nbody #cvText,\nbody #pg-567-1 {\n    margin-bottom: -20px !important;\n}\n<\/style><\/div><\/div><\/div><\/div><\/div><\/div>","protected":false},"excerpt":{"rendered":"<p>Te invitamos a formar parte de nuestro equipo, acerc\u00e1ndonos tus antecedentes, perfil e interesesNuestra gente hace a nuestra ventaja competitiva. Creemos en la incorporaci\u00f3n y desarrollo de personas que se destaquen por su calidad humana y profesional. Apostamos a colaboradores que se adapten a los cambios del negocio y del entorno, que trabajen en equipo,&#8230;<\/p>\n","protected":false},"author":6,"featured_media":0,"parent":0,"menu_order":0,"comment_status":"closed","ping_status":"closed","template":"","meta":{"_acf_changed":false,"content-type":"","footnotes":""},"class_list":["post-567","page","type-page","status-publish","hentry"],"acf":[],"yoast_head":"<!-- This site is optimized with the Yoast SEO plugin v25.0 - https:\/\/yoast.com\/wordpress\/plugins\/seo\/ -->\n<title>Trabaja con Nosotros - Contract Workplaces<\/title>\n<meta name=\"description\" content=\"\u00bfQuieres trabajar en Contract Workplaces? Ent\u00e9rate de nuestras oportunidades laborales a trav\u00e9s de nuestras redes y post\u00falate. \u00a1Env\u00eda tu CV!\" \/>\n<meta name=\"robots\" content=\"index, follow, max-snippet:-1, max-image-preview:large, max-video-preview:-1\" \/>\n<link rel=\"canonical\" href=\"https:\/\/contractworkplaces.com\/web\/envianos-tu-cv-hoja-de-vida\/\" \/>\n<meta property=\"og:locale\" content=\"es_ES\" \/>\n<meta property=\"og:type\" content=\"article\" \/>\n<meta property=\"og:title\" content=\"Trabaja con Nosotros - Contract Workplaces\" \/>\n<meta property=\"og:description\" content=\"\u00bfQuieres trabajar en Contract Workplaces? Ent\u00e9rate de nuestras oportunidades laborales a trav\u00e9s de nuestras redes y post\u00falate. \u00a1Env\u00eda tu CV!\" \/>\n<meta property=\"og:url\" content=\"https:\/\/contractworkplaces.com\/web\/envianos-tu-cv-hoja-de-vida\/\" \/>\n<meta property=\"og:site_name\" content=\"Contract Workplaces\" \/>\n<meta property=\"article:modified_time\" content=\"2021-12-16T03:22:14+00:00\" \/>\n<meta property=\"og:image\" content=\"https:\/\/contractworkplaces.com\/web\/wp-content\/uploads\/2016\/01\/oportunidadesLaborales.jpg\" \/>\n<meta name=\"twitter:card\" content=\"summary_large_image\" \/>\n<meta name=\"twitter:label1\" content=\"Tiempo de lectura\" \/>\n\t<meta name=\"twitter:data1\" content=\"1 minuto\" \/>\n<script type=\"application\/ld+json\" class=\"yoast-schema-graph\">{\"@context\":\"https:\/\/schema.org\",\"@graph\":[{\"@type\":\"WebPage\",\"@id\":\"https:\/\/contractworkplaces.com\/web\/envianos-tu-cv-hoja-de-vida\/\",\"url\":\"https:\/\/contractworkplaces.com\/web\/envianos-tu-cv-hoja-de-vida\/\",\"name\":\"Trabaja con Nosotros - Contract Workplaces\",\"isPartOf\":{\"@id\":\"https:\/\/contractworkplaces.com\/web\/#website\"},\"primaryImageOfPage\":{\"@id\":\"https:\/\/contractworkplaces.com\/web\/envianos-tu-cv-hoja-de-vida\/#primaryimage\"},\"image\":{\"@id\":\"https:\/\/contractworkplaces.com\/web\/envianos-tu-cv-hoja-de-vida\/#primaryimage\"},\"thumbnailUrl\":\"https:\/\/contractworkplaces.com\/web\/wp-content\/uploads\/2016\/01\/oportunidadesLaborales.jpg\",\"datePublished\":\"2016-01-26T20:24:04+00:00\",\"dateModified\":\"2021-12-16T03:22:14+00:00\",\"description\":\"\u00bfQuieres trabajar en Contract Workplaces? Ent\u00e9rate de nuestras oportunidades laborales a trav\u00e9s de nuestras redes y post\u00falate. \u00a1Env\u00eda tu CV!\",\"breadcrumb\":{\"@id\":\"https:\/\/contractworkplaces.com\/web\/envianos-tu-cv-hoja-de-vida\/#breadcrumb\"},\"inLanguage\":\"es-AR\",\"potentialAction\":[{\"@type\":\"ReadAction\",\"target\":[\"https:\/\/contractworkplaces.com\/web\/envianos-tu-cv-hoja-de-vida\/\"]}]},{\"@type\":\"ImageObject\",\"inLanguage\":\"es-AR\",\"@id\":\"https:\/\/contractworkplaces.com\/web\/envianos-tu-cv-hoja-de-vida\/#primaryimage\",\"url\":\"https:\/\/contractworkplaces.com\/web\/wp-content\/uploads\/2016\/01\/oportunidadesLaborales.jpg\",\"contentUrl\":\"https:\/\/contractworkplaces.com\/web\/wp-content\/uploads\/2016\/01\/oportunidadesLaborales.jpg\"},{\"@type\":\"BreadcrumbList\",\"@id\":\"https:\/\/contractworkplaces.com\/web\/envianos-tu-cv-hoja-de-vida\/#breadcrumb\",\"itemListElement\":[{\"@type\":\"ListItem\",\"position\":1,\"name\":\"Home\",\"item\":\"https:\/\/contractworkplaces.com\/web\/\"},{\"@type\":\"ListItem\",\"position\":2,\"name\":\"Trabaja con Nosotros\"}]},{\"@type\":\"WebSite\",\"@id\":\"https:\/\/contractworkplaces.com\/web\/#website\",\"url\":\"https:\/\/contractworkplaces.com\/web\/\",\"name\":\"Contract Workplaces\",\"description\":\"Dise\u00f1o y construcci\u00f3n de oficinas\",\"potentialAction\":[{\"@type\":\"SearchAction\",\"target\":{\"@type\":\"EntryPoint\",\"urlTemplate\":\"https:\/\/contractworkplaces.com\/web\/?s={search_term_string}\"},\"query-input\":{\"@type\":\"PropertyValueSpecification\",\"valueRequired\":true,\"valueName\":\"search_term_string\"}}],\"inLanguage\":\"es-AR\"}]}<\/script>\n<!-- \/ Yoast SEO plugin. -->","yoast_head_json":{"title":"Trabaja con Nosotros - Contract Workplaces","description":"\u00bfQuieres trabajar en Contract Workplaces? Ent\u00e9rate de nuestras oportunidades laborales a trav\u00e9s de nuestras redes y post\u00falate. \u00a1Env\u00eda tu CV!","robots":{"index":"index","follow":"follow","max-snippet":"max-snippet:-1","max-image-preview":"max-image-preview:large","max-video-preview":"max-video-preview:-1"},"canonical":"https:\/\/contractworkplaces.com\/web\/envianos-tu-cv-hoja-de-vida\/","og_locale":"es_ES","og_type":"article","og_title":"Trabaja con Nosotros - Contract Workplaces","og_description":"\u00bfQuieres trabajar en Contract Workplaces? Ent\u00e9rate de nuestras oportunidades laborales a trav\u00e9s de nuestras redes y post\u00falate. \u00a1Env\u00eda tu CV!","og_url":"https:\/\/contractworkplaces.com\/web\/envianos-tu-cv-hoja-de-vida\/","og_site_name":"Contract Workplaces","article_modified_time":"2021-12-16T03:22:14+00:00","og_image":[{"url":"https:\/\/contractworkplaces.com\/web\/wp-content\/uploads\/2016\/01\/oportunidadesLaborales.jpg","type":"","width":"","height":""}],"twitter_card":"summary_large_image","twitter_misc":{"Tiempo de lectura":"1 minuto"},"schema":{"@context":"https:\/\/schema.org","@graph":[{"@type":"WebPage","@id":"https:\/\/contractworkplaces.com\/web\/envianos-tu-cv-hoja-de-vida\/","url":"https:\/\/contractworkplaces.com\/web\/envianos-tu-cv-hoja-de-vida\/","name":"Trabaja con Nosotros - Contract Workplaces","isPartOf":{"@id":"https:\/\/contractworkplaces.com\/web\/#website"},"primaryImageOfPage":{"@id":"https:\/\/contractworkplaces.com\/web\/envianos-tu-cv-hoja-de-vida\/#primaryimage"},"image":{"@id":"https:\/\/contractworkplaces.com\/web\/envianos-tu-cv-hoja-de-vida\/#primaryimage"},"thumbnailUrl":"https:\/\/contractworkplaces.com\/web\/wp-content\/uploads\/2016\/01\/oportunidadesLaborales.jpg","datePublished":"2016-01-26T20:24:04+00:00","dateModified":"2021-12-16T03:22:14+00:00","description":"\u00bfQuieres trabajar en Contract Workplaces? Ent\u00e9rate de nuestras oportunidades laborales a trav\u00e9s de nuestras redes y post\u00falate. \u00a1Env\u00eda tu CV!","breadcrumb":{"@id":"https:\/\/contractworkplaces.com\/web\/envianos-tu-cv-hoja-de-vida\/#breadcrumb"},"inLanguage":"es-AR","potentialAction":[{"@type":"ReadAction","target":["https:\/\/contractworkplaces.com\/web\/envianos-tu-cv-hoja-de-vida\/"]}]},{"@type":"ImageObject","inLanguage":"es-AR","@id":"https:\/\/contractworkplaces.com\/web\/envianos-tu-cv-hoja-de-vida\/#primaryimage","url":"https:\/\/contractworkplaces.com\/web\/wp-content\/uploads\/2016\/01\/oportunidadesLaborales.jpg","contentUrl":"https:\/\/contractworkplaces.com\/web\/wp-content\/uploads\/2016\/01\/oportunidadesLaborales.jpg"},{"@type":"BreadcrumbList","@id":"https:\/\/contractworkplaces.com\/web\/envianos-tu-cv-hoja-de-vida\/#breadcrumb","itemListElement":[{"@type":"ListItem","position":1,"name":"Home","item":"https:\/\/contractworkplaces.com\/web\/"},{"@type":"ListItem","position":2,"name":"Trabaja con Nosotros"}]},{"@type":"WebSite","@id":"https:\/\/contractworkplaces.com\/web\/#website","url":"https:\/\/contractworkplaces.com\/web\/","name":"Contract Workplaces","description":"Dise\u00f1o y construcci\u00f3n de oficinas","potentialAction":[{"@type":"SearchAction","target":{"@type":"EntryPoint","urlTemplate":"https:\/\/contractworkplaces.com\/web\/?s={search_term_string}"},"query-input":{"@type":"PropertyValueSpecification","valueRequired":true,"valueName":"search_term_string"}}],"inLanguage":"es-AR"}]}},"_links":{"self":[{"href":"https:\/\/contractworkplaces.com\/web\/wp-json\/wp\/v2\/pages\/567","targetHints":{"allow":["GET"]}}],"collection":[{"href":"https:\/\/contractworkplaces.com\/web\/wp-json\/wp\/v2\/pages"}],"about":[{"href":"https:\/\/contractworkplaces.com\/web\/wp-json\/wp\/v2\/types\/page"}],"author":[{"embeddable":true,"href":"https:\/\/contractworkplaces.com\/web\/wp-json\/wp\/v2\/users\/6"}],"replies":[{"embeddable":true,"href":"https:\/\/contractworkplaces.com\/web\/wp-json\/wp\/v2\/comments?post=567"}],"version-history":[{"count":0,"href":"https:\/\/contractworkplaces.com\/web\/wp-json\/wp\/v2\/pages\/567\/revisions"}],"wp:attachment":[{"href":"https:\/\/contractworkplaces.com\/web\/wp-json\/wp\/v2\/media?parent=567"}],"curies":[{"name":"wp","href":"https:\/\/api.w.org\/{rel}","templated":true}]}}