{"id":323,"date":"2015-12-14T20:34:37","date_gmt":"2015-12-14T20:34:37","guid":{"rendered":"http:\/\/contractworkplaces.com\/staging\/?page_id=323"},"modified":"2025-11-11T23:41:07","modified_gmt":"2025-11-11T23:41:07","slug":"casos-destacados","status":"publish","type":"page","link":"https:\/\/contractworkplaces.com\/web\/casos-destacados\/","title":{"rendered":"Mejores Proyectos"},"content":{"rendered":"<div id=\"pl-323\" class=\"panel-layout\"><div id=\"pg-323-0\" class=\"panel-grid panel-no-style\"><div id=\"pgc-323-0-0\" class=\"panel-grid-cell\"><div id=\"panel-323-0-0-0\" class=\"\" data-index=\"0\">\t\t\t<div class=\"textwidget\"><div class=\"filter fixed-top\" id=\"FilterContainer\"><\/div>\n\n\n\n\n\n<\/div>\n\t\t<\/div><\/div><\/div><div id=\"pg-323-1\" class=\"panel-grid panel-has-style\"><div class=\"text-padding panel-row-style panel-row-style-for-323-1\"><div id=\"pgc-323-1-0\" class=\"panel-grid-cell panel-grid-cell-empty\"><\/div><div id=\"pgc-323-1-1\" class=\"panel-grid-cell\"><div id=\"panel-323-1-1-0\" class=\"\" data-index=\"1\"><div class=\"so-widget-gfxbucket-title so-widget-gfxbucket-title-title-style-d75171398898-323\"><h1 class=\"section-title\" id=\"casosDestTitle\">Proyectos de Oficinas<\/h1><\/div><\/div><div id=\"panel-323-1-1-1\" class=\"\" data-index=\"2\"><div class=\"so-widget-gfxbucket-visual-editor so-widget-gfxbucket-visual-editor-style-d75171398898-323\"><p>Nuestra metodolog\u00eda asegura que cada cliente obtenga el espacio corporativo m\u00e1s acorde a su actividad, identidad de marca y filosof\u00eda, creando el ambiente que potencie al m\u00e1ximo el desempe\u00f1o del equipo de trabajo.<\/p><\/div><\/div><\/div><div id=\"pgc-323-1-2\" class=\"panel-grid-cell\"><div id=\"panel-323-1-2-0\" class=\"widget_text \" data-index=\"3\"><div class=\"widget_text panel-widget-style panel-widget-style-for-323-1-2-0\"><div class=\"textwidget custom-html-widget\"><div class=\"resp-wrapper\"><div class=\"resp-container\"><iframe src=\"https:\/\/www.youtube.com\/embed\/_tCFmeL-DvE\" title=\"YouTube video player\" frameborder=\"0\" allow=\"accelerometer; autoplay; clipboard-write; encrypted-media; gyroscope; picture-in-picture\" allowfullscreen><\/iframe>\n<\/div><\/div>\n<style>\n\t.resp-wrapper {\n    width: 100%;\nmax-width:560px;\n    height: 100%;\n}\n\t.resp-container {\n    position: relative;\n    overflow: hidden;\n    padding-top: 56.25%;\n}\n.resp-container iframe {\n    position: absolute;\n    top: 0;\n    left: 0;\n    width: 100%;\n    height: 100%;\n    border: 0;\n}\n<\/style><\/div><\/div><\/div><\/div><\/div><\/div><div id=\"pg-323-2\" class=\"panel-grid panel-has-style\"><div class=\"panel-row-style panel-row-style-for-323-2\"><div id=\"pgc-323-2-0\" class=\"panel-grid-cell\"><div id=\"panel-323-2-0-0\" class=\"\" data-index=\"4\">\t\t\t<div class=\"textwidget\"><div id=\"listadoCom\" class=\"ancla\"><\/div>\n\n\n\n\n\n\n<\/div>\n\t\t<\/div><div id=\"panel-323-2-0-1\" class=\"\" data-index=\"5\"><div class=\"panel-widget-style panel-widget-style-for-323-2-0-1\">\t\t\t<div class=\"textwidget\"><div id=\"GridContainer\"><\/div>\n\n\n\n\n<\/div>\n\t\t<\/div><\/div><\/div><\/div><\/div><div id=\"pg-323-3\" class=\"panel-grid panel-no-style\"><div id=\"pgc-323-3-0\" class=\"panel-grid-cell\"><div id=\"panel-323-3-0-0\" class=\"widget_text \" data-index=\"6\"><div class=\"textwidget custom-html-widget\"><!-- CTA -->\n<div class=\"cta\"><h2 class=\"o-h2\"><span class=\"u-block\">\u00a1Hablemos<\/span> sobre tu proyecto!<\/h2><div class=\"cta__image\"><img decoding=\"async\" src=\"https:\/\/contractworkplaces.com\/web\/wp-content\/uploads\/2023\/08\/hablemos.jpg\" alt=\"Hablemos\" width=\"420\" height=\"280\"><a href=\"#\" class=\"o-btn\">Haz tu consulta aqu\u00ed<\/a><\/div><\/div><div class=\"modal modal--hablemos\"><div class=\"modal__close close--hablemos\"><svg xmlns=\"https:\/\/www.w3.org\/2000\/svg\" width=\"28.243\" height=\"28.243\"><g id=\"icon_close\" data-name=\"close\" transform=\"translate(488.621 -23.379)\"><line id=\"line_1\" data-name=\"line 1\" x2=\"24\" y2=\"24\" transform=\"translate(-486.5 25.5)\" fill=\"none\" stroke=\"#fff\" stroke-linecap=\"round\" stroke-width=\"2\"><\/line><line id=\"line_2\" data-name=\"line 2\" x1=\"24\" y2=\"24\" transform=\"translate(-486.5 25.5)\" fill=\"none\" stroke=\"#fff\" stroke-linecap=\"round\" stroke-width=\"2\"><\/line><\/g><\/svg><\/div><div class=\"modal__container\">\n<div class=\"wpcf7 no-js\" id=\"wpcf7-f5527-o1\" lang=\"en-US\" dir=\"ltr\" data-wpcf7-id=\"5527\">\n<div class=\"screen-reader-response\"><p role=\"status\" aria-live=\"polite\" aria-atomic=\"true\"><\/p> <ul><\/ul><\/div>\n<form action=\"\/web\/wp-json\/wp\/v2\/pages\/323#wpcf7-f5527-o1\" method=\"post\" class=\"wpcf7-form init\" aria-label=\"Contact form\" novalidate=\"novalidate\" data-status=\"init\">\n<div style=\"display: none;\">\n<input type=\"hidden\" name=\"_wpcf7\" value=\"5527\" \/>\n<input type=\"hidden\" name=\"_wpcf7_version\" value=\"6.0.6\" \/>\n<input type=\"hidden\" name=\"_wpcf7_locale\" value=\"en_US\" \/>\n<input type=\"hidden\" name=\"_wpcf7_unit_tag\" value=\"wpcf7-f5527-o1\" \/>\n<input type=\"hidden\" name=\"_wpcf7_container_post\" value=\"0\" \/>\n<input type=\"hidden\" name=\"_wpcf7_posted_data_hash\" value=\"\" \/>\n<input type=\"hidden\" name=\"_wpcf7_recaptcha_response\" value=\"\" \/>\n<\/div>\n<p><span class=\"wpcf7-form-control-wrap\" data-name=\"your-name\"><input size=\"40\" maxlength=\"400\" class=\"wpcf7-form-control wpcf7-text wpcf7-validates-as-required\" aria-required=\"true\" aria-invalid=\"false\" placeholder=\"Nombre *\" value=\"\" type=\"text\" name=\"your-name\" \/><\/span>\n<\/p>\n<p><span class=\"wpcf7-form-control-wrap\" data-name=\"your-company\"><input size=\"40\" maxlength=\"400\" class=\"wpcf7-form-control wpcf7-text wpcf7-validates-as-required\" aria-required=\"true\" aria-invalid=\"false\" placeholder=\"Compa\u00f1\u00eda *\" value=\"\" type=\"text\" name=\"your-company\" \/><\/span>\n<\/p>\n<p><span class=\"wpcf7-form-control-wrap\" data-name=\"your-country\"><input size=\"40\" maxlength=\"400\" class=\"wpcf7-form-control wpcf7-text\" aria-invalid=\"false\" placeholder=\"Pa\u00eds\" value=\"\" type=\"text\" name=\"your-country\" \/><\/span>\n<\/p>\n<p><span class=\"wpcf7-form-control-wrap\" data-name=\"your-email\"><input size=\"40\" maxlength=\"400\" class=\"wpcf7-form-control wpcf7-email wpcf7-validates-as-required wpcf7-text wpcf7-validates-as-email\" aria-required=\"true\" aria-invalid=\"false\" placeholder=\"Email *\" value=\"\" type=\"email\" name=\"your-email\" \/><\/span>\n<\/p>\n<p><span class=\"wpcf7-form-control-wrap\" data-name=\"your-telephone\"><input size=\"40\" maxlength=\"400\" class=\"wpcf7-form-control wpcf7-text\" aria-invalid=\"false\" placeholder=\"Tel\u00e9fono\" value=\"\" type=\"text\" name=\"your-telephone\" \/><\/span>\n<\/p>\n<p><span class=\"wpcf7-form-control-wrap\" data-name=\"your-message\"><textarea cols=\"40\" rows=\"10\" maxlength=\"2000\" class=\"wpcf7-form-control wpcf7-textarea wpcf7-validates-as-required\" aria-required=\"true\" aria-invalid=\"false\" placeholder=\"Comentarios *\" name=\"your-message\"><\/textarea><\/span>\n<\/p>\n<p><span id=\"wpcf7-69e482378e9a4-wrapper\" class=\"wpcf7-form-control-wrap honeypot-contacto-wrap\" style=\"display:none !important; visibility:hidden !important;\"><label for=\"wpcf7-69e482378e9a4-field\" class=\"hp-message\">Please leave this field empty.<\/label><input id=\"wpcf7-69e482378e9a4-field\"  class=\"wpcf7-form-control wpcf7-text\" type=\"text\" name=\"honeypot-contacto\" value=\"\" size=\"40\" tabindex=\"-1\" autocomplete=\"new-password\" \/><\/span><br \/>\n<input type=\"hidden\" name=\"_wpcf7_captcha_challenge_your-captcha\" value=\"2668066590\" \/><img decoding=\"async\" class=\"wpcf7-form-control wpcf7-captchac wpcf7-captcha-your-captcha\" width=\"72\" height=\"24\" alt=\"captcha\" src=\"https:\/\/contractworkplaces.com\/web\/wp-content\/uploads\/wpcf7_captcha\/2668066590.png\" \/><br \/>\n<span class=\"wpcf7-form-control-wrap\" data-name=\"your-captcha\"><input size=\"40\" class=\"wpcf7-form-control wpcf7-captchar\" autocomplete=\"off\" aria-invalid=\"false\" value=\"\" type=\"text\" name=\"your-captcha\" \/><\/span>\n<\/p>\n<p><input class=\"wpcf7-form-control wpcf7-submit has-spinner\" type=\"submit\" value=\"Enviar\" \/>\n<\/p>\n<p style=\"font-size: 11px; line-height:1!important; display: block; color: #999!important; padding-top: 32px !important; text-align:center!important; width: 90%; margin: 0 auto;\">Al completar este formulario, usted est\u00e1 dando su consentimiento previo, expreso e informado para que sus datos sean tratados conforme a nuestra <a href=\"https:\/\/contractworkplaces.com\/web\/politica-de-proteccion-de-datos-personales\/\" target=\"_blank\" style=\"color:#fff;\">pol\u00edtica de datos personales<\/a> y a la normativa vigente sobre la materia en relaci\u00f3n a cada pa\u00eds en el que usted resida.\n<\/p><input type='hidden' class='wpcf7-pum' value='{\"closepopup\":false,\"closedelay\":0,\"openpopup\":false,\"openpopup_id\":0}' \/><div class=\"wpcf7-response-output\" aria-hidden=\"true\"><\/div>\n<\/form>\n<\/div>\n<\/div><\/div>\n<script>\n  \/\/ Hablemos\n  const triggerHablemos = document.querySelector('.cta a');\n  const closeHablemos = document.querySelector('.close--hablemos');\n\n  triggerHablemos.addEventListener('click', function () {\n    event.preventDefault();\n    document.querySelector('body').classList.toggle('is--hablemos');\n  });\n\n  closeHablemos.addEventListener('click', function () {\n    document.querySelector('body').classList.toggle('is--hablemos');\n  });\n<\/script><\/div><\/div><\/div><\/div><div id=\"pg-323-4\" class=\"panel-grid panel-has-style\"><div class=\"panel-row-style panel-row-style-for-323-4\"><div id=\"pgc-323-4-0\" class=\"panel-grid-cell\"><div id=\"panel-323-4-0-0\" class=\"\" data-index=\"7\"><div class=\"panel-widget-style panel-widget-style-for-323-4-0-0\">\t\t\t<div class=\"textwidget\"><script>\nfunction topFilter(){\n\t\tnum = jQuery('.filter').offset().top;\n\n\t\tjQuery(window).bind('scroll', function() {\n         if (jQuery(window).scrollTop() > num) {\n             jQuery('.fixed-top').addClass('fixed-top-affix');\n         }\n         else {\n             num = jQuery('.filter').offset().top;\n             jQuery('.fixed-top').removeClass('fixed-top-affix');\n         }\n    });\n}\njQuery( document ).ready(function() {\n                       topFilter();\n\t\t\tjQuery( window ).resize(function() {\n\t\t\t\ttopFilter();\n\t\t\t});\n});\n<\/script><\/div>\n\t\t<\/div><\/div><div id=\"panel-323-4-0-1\" class=\"\" data-index=\"8\"><div class=\"container panel-widget-style panel-widget-style-for-323-4-0-1\">\t\t\t<div class=\"textwidget\"><h2 style=\"font-size: 2em !important; padding-left: 20px; padding-top: 30px; text-transform: inherit !important;\">Listado completo de casos<\/h2>\n<div id=\"ListContainer\"><\/div>\n<\/div>\n\t\t<\/div><\/div><\/div><\/div><\/div><\/div>","protected":false},"excerpt":{"rendered":"<p>Proyectos de OficinasNuestra metodolog\u00eda asegura que cada cliente obtenga el espacio corporativo m\u00e1s acorde a su actividad, identidad de marca y filosof\u00eda, creando el ambiente que potencie al m\u00e1ximo el desempe\u00f1o del equipo de trabajo. \u00a1Hablemos sobre tu proyecto!Haz tu consulta aqu\u00ed Please leave this field empty. Al completar este formulario, usted est\u00e1 dando su&#8230;<\/p>\n","protected":false},"author":6,"featured_media":0,"parent":0,"menu_order":0,"comment_status":"closed","ping_status":"closed","template":"","meta":{"_acf_changed":false,"content-type":"","footnotes":""},"class_list":["post-323","page","type-page","status-publish","hentry"],"acf":[],"yoast_head":"<!-- This site is optimized with the Yoast SEO plugin v25.0 - https:\/\/yoast.com\/wordpress\/plugins\/seo\/ -->\n<title>Nuestros Mejores Proyectos de Oficinas - Contract Workplaces<\/title>\n<meta name=\"description\" content=\"Los mejores Espacios de Trabajo creados por nuestros Arquitectos y Dise\u00f1adores. Conoce nuestros Casos de \u00c9xito. Descubre Oficinas Corporativas Modernas.\" \/>\n<meta name=\"robots\" content=\"index, follow, max-snippet:-1, max-image-preview:large, max-video-preview:-1\" \/>\n<link rel=\"canonical\" href=\"https:\/\/contractworkplaces.com\/web\/casos-destacados\/\" \/>\n<meta property=\"og:locale\" content=\"es_ES\" \/>\n<meta property=\"og:type\" content=\"article\" \/>\n<meta property=\"og:title\" content=\"Nuestros Mejores Proyectos de Oficinas - Contract Workplaces\" \/>\n<meta property=\"og:description\" content=\"Los mejores Espacios de Trabajo creados por nuestros Arquitectos y Dise\u00f1adores. Conoce nuestros Casos de \u00c9xito. Descubre Oficinas Corporativas Modernas.\" \/>\n<meta property=\"og:url\" content=\"https:\/\/contractworkplaces.com\/web\/casos-destacados\/\" \/>\n<meta property=\"og:site_name\" content=\"Contract Workplaces\" \/>\n<meta property=\"article:modified_time\" content=\"2025-11-11T23:41:07+00:00\" \/>\n<meta name=\"twitter:card\" content=\"summary_large_image\" \/>\n<meta name=\"twitter:label1\" content=\"Tiempo de lectura\" \/>\n\t<meta name=\"twitter:data1\" content=\"1 minuto\" \/>\n<script type=\"application\/ld+json\" class=\"yoast-schema-graph\">{\"@context\":\"https:\/\/schema.org\",\"@graph\":[{\"@type\":\"WebPage\",\"@id\":\"https:\/\/contractworkplaces.com\/web\/casos-destacados\/\",\"url\":\"https:\/\/contractworkplaces.com\/web\/casos-destacados\/\",\"name\":\"Nuestros Mejores Proyectos de Oficinas - Contract Workplaces\",\"isPartOf\":{\"@id\":\"https:\/\/contractworkplaces.com\/web\/#website\"},\"datePublished\":\"2015-12-14T20:34:37+00:00\",\"dateModified\":\"2025-11-11T23:41:07+00:00\",\"description\":\"Los mejores Espacios de Trabajo creados por nuestros Arquitectos y Dise\u00f1adores. Conoce nuestros Casos de \u00c9xito. Descubre Oficinas Corporativas Modernas.\",\"breadcrumb\":{\"@id\":\"https:\/\/contractworkplaces.com\/web\/casos-destacados\/#breadcrumb\"},\"inLanguage\":\"es-AR\",\"potentialAction\":[{\"@type\":\"ReadAction\",\"target\":[\"https:\/\/contractworkplaces.com\/web\/casos-destacados\/\"]}]},{\"@type\":\"BreadcrumbList\",\"@id\":\"https:\/\/contractworkplaces.com\/web\/casos-destacados\/#breadcrumb\",\"itemListElement\":[{\"@type\":\"ListItem\",\"position\":1,\"name\":\"Home\",\"item\":\"https:\/\/contractworkplaces.com\/web\/\"},{\"@type\":\"ListItem\",\"position\":2,\"name\":\"Mejores Proyectos\"}]},{\"@type\":\"WebSite\",\"@id\":\"https:\/\/contractworkplaces.com\/web\/#website\",\"url\":\"https:\/\/contractworkplaces.com\/web\/\",\"name\":\"Contract Workplaces\",\"description\":\"Dise\u00f1o y construcci\u00f3n de oficinas\",\"potentialAction\":[{\"@type\":\"SearchAction\",\"target\":{\"@type\":\"EntryPoint\",\"urlTemplate\":\"https:\/\/contractworkplaces.com\/web\/?s={search_term_string}\"},\"query-input\":{\"@type\":\"PropertyValueSpecification\",\"valueRequired\":true,\"valueName\":\"search_term_string\"}}],\"inLanguage\":\"es-AR\"}]}<\/script>\n<!-- \/ Yoast SEO plugin. -->","yoast_head_json":{"title":"Nuestros Mejores Proyectos de Oficinas - Contract Workplaces","description":"Los mejores Espacios de Trabajo creados por nuestros Arquitectos y Dise\u00f1adores. Conoce nuestros Casos de \u00c9xito. Descubre Oficinas Corporativas Modernas.","robots":{"index":"index","follow":"follow","max-snippet":"max-snippet:-1","max-image-preview":"max-image-preview:large","max-video-preview":"max-video-preview:-1"},"canonical":"https:\/\/contractworkplaces.com\/web\/casos-destacados\/","og_locale":"es_ES","og_type":"article","og_title":"Nuestros Mejores Proyectos de Oficinas - Contract Workplaces","og_description":"Los mejores Espacios de Trabajo creados por nuestros Arquitectos y Dise\u00f1adores. Conoce nuestros Casos de \u00c9xito. Descubre Oficinas Corporativas Modernas.","og_url":"https:\/\/contractworkplaces.com\/web\/casos-destacados\/","og_site_name":"Contract Workplaces","article_modified_time":"2025-11-11T23:41:07+00:00","twitter_card":"summary_large_image","twitter_misc":{"Tiempo de lectura":"1 minuto"},"schema":{"@context":"https:\/\/schema.org","@graph":[{"@type":"WebPage","@id":"https:\/\/contractworkplaces.com\/web\/casos-destacados\/","url":"https:\/\/contractworkplaces.com\/web\/casos-destacados\/","name":"Nuestros Mejores Proyectos de Oficinas - Contract Workplaces","isPartOf":{"@id":"https:\/\/contractworkplaces.com\/web\/#website"},"datePublished":"2015-12-14T20:34:37+00:00","dateModified":"2025-11-11T23:41:07+00:00","description":"Los mejores Espacios de Trabajo creados por nuestros Arquitectos y Dise\u00f1adores. Conoce nuestros Casos de \u00c9xito. Descubre Oficinas Corporativas Modernas.","breadcrumb":{"@id":"https:\/\/contractworkplaces.com\/web\/casos-destacados\/#breadcrumb"},"inLanguage":"es-AR","potentialAction":[{"@type":"ReadAction","target":["https:\/\/contractworkplaces.com\/web\/casos-destacados\/"]}]},{"@type":"BreadcrumbList","@id":"https:\/\/contractworkplaces.com\/web\/casos-destacados\/#breadcrumb","itemListElement":[{"@type":"ListItem","position":1,"name":"Home","item":"https:\/\/contractworkplaces.com\/web\/"},{"@type":"ListItem","position":2,"name":"Mejores Proyectos"}]},{"@type":"WebSite","@id":"https:\/\/contractworkplaces.com\/web\/#website","url":"https:\/\/contractworkplaces.com\/web\/","name":"Contract Workplaces","description":"Dise\u00f1o y construcci\u00f3n de oficinas","potentialAction":[{"@type":"SearchAction","target":{"@type":"EntryPoint","urlTemplate":"https:\/\/contractworkplaces.com\/web\/?s={search_term_string}"},"query-input":{"@type":"PropertyValueSpecification","valueRequired":true,"valueName":"search_term_string"}}],"inLanguage":"es-AR"}]}},"_links":{"self":[{"href":"https:\/\/contractworkplaces.com\/web\/wp-json\/wp\/v2\/pages\/323","targetHints":{"allow":["GET"]}}],"collection":[{"href":"https:\/\/contractworkplaces.com\/web\/wp-json\/wp\/v2\/pages"}],"about":[{"href":"https:\/\/contractworkplaces.com\/web\/wp-json\/wp\/v2\/types\/page"}],"author":[{"embeddable":true,"href":"https:\/\/contractworkplaces.com\/web\/wp-json\/wp\/v2\/users\/6"}],"replies":[{"embeddable":true,"href":"https:\/\/contractworkplaces.com\/web\/wp-json\/wp\/v2\/comments?post=323"}],"version-history":[{"count":1,"href":"https:\/\/contractworkplaces.com\/web\/wp-json\/wp\/v2\/pages\/323\/revisions"}],"predecessor-version":[{"id":21897,"href":"https:\/\/contractworkplaces.com\/web\/wp-json\/wp\/v2\/pages\/323\/revisions\/21897"}],"wp:attachment":[{"href":"https:\/\/contractworkplaces.com\/web\/wp-json\/wp\/v2\/media?parent=323"}],"curies":[{"name":"wp","href":"https:\/\/api.w.org\/{rel}","templated":true}]}}